{"id":2161,"date":"2025-07-27T09:28:31","date_gmt":"2025-07-27T07:28:31","guid":{"rendered":"https:\/\/magdanowak.pl\/?page_id=2161"},"modified":"2025-07-27T09:35:46","modified_gmt":"2025-07-27T07:35:46","slug":"artist","status":"publish","type":"page","link":"https:\/\/magdanowak.pl\/index.php\/artist\/","title":{"rendered":"Management artyst\u00f3w"},"content":{"rendered":"\t\t<div data-elementor-type=\"wp-page\" data-elementor-id=\"2161\" class=\"elementor elementor-2161\" data-elementor-post-type=\"page\">\n\t\t\t\t<div class=\"elementor-element elementor-element-5d83a1d e-con-full e-flex e-con e-parent\" data-id=\"5d83a1d\" data-element_type=\"container\">\n\t\t\t\t<div class=\"elementor-element elementor-element-360ffbf elementor-invisible elementor-widget elementor-widget-image\" data-id=\"360ffbf\" data-element_type=\"widget\" data-settings=\"{&quot;_animation&quot;:&quot;slideInUp&quot;}\" data-widget_type=\"image.default\">\n\t\t\t\t<div class=\"elementor-widget-container\">\n\t\t\t\t\t\t\t\t\t\t\t\t\t\t\t\t<a href=\"https:\/\/magdanowak.pl\">\n\t\t\t\t\t\t\t<img fetchpriority=\"high\" decoding=\"async\" width=\"1024\" height=\"248\" src=\"https:\/\/magdanowak.pl\/wp-content\/uploads\/2025\/05\/logo_strona-1024x248.png\" class=\"attachment-large size-large wp-image-1480\" alt=\"\" srcset=\"https:\/\/magdanowak.pl\/wp-content\/uploads\/2025\/05\/logo_strona-1024x248.png 1024w, https:\/\/magdanowak.pl\/wp-content\/uploads\/2025\/05\/logo_strona-300x73.png 300w, https:\/\/magdanowak.pl\/wp-content\/uploads\/2025\/05\/logo_strona-768x186.png 768w, https:\/\/magdanowak.pl\/wp-content\/uploads\/2025\/05\/logo_strona-1536x371.png 1536w, https:\/\/magdanowak.pl\/wp-content\/uploads\/2025\/05\/logo_strona-2048x495.png 2048w, https:\/\/magdanowak.pl\/wp-content\/uploads\/2025\/05\/logo_strona-753x182.png 753w\" sizes=\"(max-width: 1024px) 100vw, 1024px\" \/>\t\t\t\t\t\t\t\t<\/a>\n\t\t\t\t\t\t\t\t\t\t\t\t\t\t\t<\/div>\n\t\t\t\t<\/div>\n\t\t\t\t<\/div>\n\t\t<div class=\"elementor-element elementor-element-e9a0b2d e-con-full e-flex e-con e-parent\" data-id=\"e9a0b2d\" data-element_type=\"container\">\n\t\t\t\t<div class=\"elementor-element elementor-element-20c3fcb elementor-widget__width-inherit artist elementor-widget elementor-widget-homefeatured\" data-id=\"20c3fcb\" data-element_type=\"widget\" id=\"artist\" data-widget_type=\"homefeatured.default\">\n\t\t\t\t<div class=\"elementor-widget-container\">\n\t\t\t\t\t\n<!-- ===== Featured Work Start ===== -->\n<section class=\"featured-work-sec\">\n        <div class=\"section-header\">\n                <div class=\"left\">\n            <h3>\n                <span><span class=\"timeline-anim\" data-aos=\"slide-up\">Menagement<\/span><\/span>\n\n                <span><span class=\"timeline-anim\" data-aos=\"slide-up\" data-aos-delay=\"200\">koncertowy artyst\u00f3w<\/span><\/span>\n            <\/h3>\n        <\/div>\n                        <div class=\"right\">\n            <p>My creative spirit comes alive in the digital realm. With nimble fingers flying across\nthe keyboard, I craft clear experiences out of nothing but ones and zeroes.<\/p>\n        <\/div>\n            <\/div>\n    \n    <div class=\"featured-work-lists\">\n\n        \n                <!-- Featured Cart -->\n        <div class=\"featured-card\">\n            <a  target=\"_blank\"             class=\"link-overlay\" href=\"https:\/\/www.instagram.com\/waldemarmalicki.pianist\"><\/a>\n                        <div class=\"img-box\">\n                <img decoding=\"async\" src=\"https:\/\/magdanowak.pl\/wp-content\/uploads\/2025\/06\/malicki-i-krzyzanowicz.png\" alt=\"\">            <\/div>\n                        <div class=\"content\">\n                <div class=\"left\">\n                    <p class=\"title\">Waldemar Malicki i Ma\u0142gorzata Krzy\u017canowicz<\/p>\n                    <p class=\"subtitle\">(w tym programy Waldemara Malickiego z Micha\u0142em Rusinkiem)<\/p>\n                <\/div>\n                                <div class=\"right\">\n                    <span class=\"date\">Instagram<\/span>\n                <\/div>\n                            <\/div>\n        <\/div>\n                \n                <!-- Featured Cart -->\n        <div class=\"featured-card\">\n            <a  target=\"_blank\"             class=\"link-overlay\" href=\"https:\/\/www.facebook.com\/RobertRozziRozmus\/\"><\/a>\n                        <div class=\"img-box\">\n                <img decoding=\"async\" src=\"https:\/\/magdanowak.pl\/wp-content\/uploads\/2025\/06\/rozmus.png\" alt=\"\">            <\/div>\n                        <div class=\"content\">\n                <div class=\"left\">\n                    <p class=\"title\">Robert Rozmus<\/p>\n                    <p class=\"subtitle\"><\/p>\n                <\/div>\n                                <div class=\"right\">\n                    <span class=\"date\">Facebook<\/span>\n                <\/div>\n                            <\/div>\n        <\/div>\n                \n                <!-- Featured Cart -->\n        <div class=\"featured-card\">\n            <a  target=\"_blank\"             class=\"link-overlay\" href=\"https:\/\/www.instagram.com\/joannaliszowskaofficial\"><\/a>\n                        <div class=\"img-box\">\n                <img decoding=\"async\" src=\"https:\/\/magdanowak.pl\/wp-content\/uploads\/2025\/06\/liszowska2.jpg\" alt=\"\">            <\/div>\n                        <div class=\"content\">\n                <div class=\"left\">\n                    <p class=\"title\">Joanna Liszowska<\/p>\n                    <p class=\"subtitle\"><\/p>\n                <\/div>\n                                <div class=\"right\">\n                    <span class=\"date\">Instagram<\/span>\n                <\/div>\n                            <\/div>\n        <\/div>\n                \n                <!-- Featured Cart -->\n        <div class=\"featured-card\">\n            <a  target=\"_blank\"             class=\"link-overlay\" href=\"http:\/\/anichwilinanude.pl\"><\/a>\n                        <div class=\"img-box\">\n                <img decoding=\"async\" src=\"https:\/\/magdanowak.pl\/wp-content\/uploads\/2025\/06\/Ani-chwili-na-nude-pelna-oferta-mailing.jpg\" alt=\"\">            <\/div>\n                        <div class=\"content\">\n                <div class=\"left\">\n                    <p class=\"title\">\u201eAni chwili na nud\u0119\u201d<\/p>\n                    <p class=\"subtitle\">Familijny program estradowy z go\u015bcinnym udzia\u0142em gwiazd<\/p>\n                <\/div>\n                                <div class=\"right\">\n                    <span class=\"date\">www<\/span>\n                <\/div>\n                            <\/div>\n        <\/div>\n                \n    <\/div>\n<\/section>\n<!-- ===== Featured Work End ===== -->\n\n    \t\t\t\t<\/div>\n\t\t\t\t<\/div>\n\t\t\t\t<\/div>\n\t\t\t\t<\/div>\n\t\t","protected":false},"excerpt":{"rendered":"<p>Menagement koncertowy artyst\u00f3w My creative spirit comes alive in the digital realm. With nimble fingers flying across the keyboard, I craft clear experiences out of nothing but ones and zeroes. Waldemar Malicki i Ma\u0142gorzata Krzy\u017canowicz (w tym programy Waldemara Malickiego z Micha\u0142em Rusinkiem) Instagram Robert Rozmus Facebook Joanna Liszowska Instagram \u201eAni chwili na nud\u0119\u201d Familijny [&hellip;]<\/p>\n","protected":false},"author":1,"featured_media":0,"parent":0,"menu_order":0,"comment_status":"closed","ping_status":"closed","template":"page-templates\/home-light.php","meta":{"footnotes":""},"class_list":["post-2161","page","type-page","status-publish","hentry"],"_links":{"self":[{"href":"https:\/\/magdanowak.pl\/index.php\/wp-json\/wp\/v2\/pages\/2161","targetHints":{"allow":["GET"]}}],"collection":[{"href":"https:\/\/magdanowak.pl\/index.php\/wp-json\/wp\/v2\/pages"}],"about":[{"href":"https:\/\/magdanowak.pl\/index.php\/wp-json\/wp\/v2\/types\/page"}],"author":[{"embeddable":true,"href":"https:\/\/magdanowak.pl\/index.php\/wp-json\/wp\/v2\/users\/1"}],"replies":[{"embeddable":true,"href":"https:\/\/magdanowak.pl\/index.php\/wp-json\/wp\/v2\/comments?post=2161"}],"version-history":[{"count":7,"href":"https:\/\/magdanowak.pl\/index.php\/wp-json\/wp\/v2\/pages\/2161\/revisions"}],"predecessor-version":[{"id":2169,"href":"https:\/\/magdanowak.pl\/index.php\/wp-json\/wp\/v2\/pages\/2161\/revisions\/2169"}],"wp:attachment":[{"href":"https:\/\/magdanowak.pl\/index.php\/wp-json\/wp\/v2\/media?parent=2161"}],"curies":[{"name":"wp","href":"https:\/\/api.w.org\/{rel}","templated":true}]}}